651?
False
Is 14 a factor of 14154?
True
Is 1187 a multiple of 4?
False
Is 336 a multiple of 12?
True
Is 6 a factor of 1566?
True
Is 14 a factor of 20006?
True
Is 12 a factor of 71850?
False
Is 9689 a multiple of 84?
False
Does 78 divide 1137?
False
Is 44 a factor of 80992?
False
Does 40 divide 1049?
False
Is 2971 a multiple of 22?
False
Is 12 a factor of 2902?
False
Does 16 divide 275?
False
Is 1577 a multiple of 10?
False
Does 20 divide 340?
True
Is 2128 a multiple of 11?
False
Is 9 a factor of 3699?
True
Does 14 divide 78?
False
Is 31929 a multiple of 87?
True
Is 72 a factor of 5230?
False
Is 114 a factor of 2736?
True
Is 80 a factor of 1840?
True
Is 3 a factor of 693?
True
Does 11 divide 155?
False
Does 34 divide 9848?
False
Does 15 divide 275?
False
Does 104 divide 15619?
False
Does 57 divide 12655?
False
Does 64 divide 2560?
True
Is 13 a factor of 12157?
False
Is 9 a factor of 135?
True
Is 204 a multiple of 16?
False
Does 28 divide 784?
True
Does 55 divide 935?
True
Does 52 divide 2028?
True
Is 5 a factor of 2641?
False
Does 74 divide 1282?
False
Is 53 a factor of 8699?
False
Is 41 a factor of 5125?
True
Is 984 a multiple of 54?
False
Is 692 a multiple of 173?
True
Is 575 a multiple of 22?
False
Does 112 divide 15120?
True
Is 235 a factor of 4935?
True
Does 11 divide 13563?
True
Is 42 a factor of 5544?
True
Is 9 a factor of 9450?
True
Is 113 a factor of 622?
False
Does 17 divide 663?
True
Is 38 a factor of 350?
False
Does 6 divide 2566?
False
Is 20161 a multiple of 6?
False
Is 16 a factor of 41142?
False
Is 269 a multiple of 29?
False
Does 72 divide 7056?
True
Is 83 a factor of 1246?
False
Is 7774 a multiple of 254?
False
Is 11322 a multiple of 17?
True
Is 10 a factor of 920?
True
Is 624 a multiple of 24?
True
Is 9171 a multiple of 80?
False
Is 28556 a multiple of 118?
True
Is 758 a multiple of 68?
False
Is 3369 a multiple of 67?
False
Is 5600 a multiple of 5?
True
Is 9419 a multiple of 2?
False
Is 680 a multiple of 34?
True
Does 17 divide 30354?
False
Is 12 a factor of 37561?
False
Does 4 divide 28181?
False
Is 420 a multiple of 6?
True
Is 280 a multiple of 19?
False
Is 53 a factor of 5088?
True
Does 13 divide 13299?
True
Is 21 a factor of 3486?
True
Is 26 a factor of 461?
False
Does 25 divide 282?
False
Does 37 divide 10175?
True
Is 10298 even?
True
Is 2 a factor of 52?
True
Is 14 a factor of 1418?
False
Is 151 a multiple of 6?
False
Does 2 divide 511?
False
Does 64 divide 384?
True
Is 46978 a multiple of 235?
False
Is 294 a multiple of 51?
False
Does 14 divide 6272?
True
Is 85 a multiple of 3?
False
Does 46 divide 1012?
True
Is 4 a factor of 13292?
True
Is 1846 a multiple of 68?
False
Is 62 a factor of 2480?
True
Is 329 a multiple of 4?
False
Does 13 divide 377?
True
Does 3 divide 27?
True
Does 40 divide 6306?
False
Does 23 divide 2227?
False
Is 30 a factor of 56502?
False
Does 6 divide 384?
True
Is 110 a multiple of 26?
False
Does 13 divide 558?
False
Is 13 a factor of 1733?
False
Is 28 a factor of 12364?
False
Does 19 divide 6980?
False
Is 4447 a multiple of 5?
False
Is 7 a factor of 254?
False
Does 19 divide 1843?
True
Is 1026 a multiple of 9?
True
Is 5601 a multiple of 48?
False
Is 2305 a multiple of 39?
False
Is 37 a factor of 185?
True
Is 2662 a multiple of 22?
True
Does 40 divide 2525?
False
Does 17 divide 187?
True
Is 1326 a multiple of 78?
True
Is 14274 a multiple of 122?
True
Does 13 divide 2756?
True
Is 107 a factor of 17013?
True
Is 112 a multiple of 16?
True
Is 1673 a multiple of 6?
False
Is 33 a factor of 77748?
True
Does 23 divide 4531?
True
Is 1719 a multiple of 17?
False
Does 8 divide 2400?
True
Is 1811 a multiple of 5?
False
Does 153 divide 109701?
True
Is 42 a factor of 358?
False
Is 2704 a multiple of 163?
False
Is 4 a factor of 1112?
True
Is 21 a factor of 30035?
False
Is 11 a factor of 814?
True
Is 37294 a multiple of 58?
True
Does 18 divide 162?
True
Is 67 a factor of 43885?
True
Is 245 a multiple of 14?
False
Is 2270 a multiple of 17?
False
Is 1068 a multiple of 9?
False
Is 10 a factor of 21035?
False
Does 15 divide 225?
True
Is 9933 a multiple of 21?
True
Is 29 a factor of 4338?
False
Does 11 divide 396?
True
Is 616 a multiple of 22?
True
Is 6630 a multiple of 15?
True
Does 151 divide 51008?
False
Is 432 a multiple of 4?
True
Does 49 divide 29057?
True
Does 58 divide 4870?
False
Is 41 a factor of 67486?
True
Is 741 a multiple of 7?
False
Is 49 a multiple of 49?
True
Does 20 divide 2018?
False
Is 1274 a multiple of 7?
True
Is 10 a factor of 1866?
False
Does 6 divide 22062?
True
Does 43 divide 3877?
False
Is 167 a factor of 1503?
True
Does 25 divide 6230?
False
Does 90 divide 840?
False
Does 39 divide 117?
True
Is 3360 a multiple of 15?
True
Does 10 divide 54031?
False
Is 6867 a multiple of 11?
False
Is 95 a factor of 32889?
False
Is 6 a factor of 1752?
True
Does 16 divide 8436?
False
Is 61 a factor of 27245?
False
Is 1566 a multiple of 58?
True
Does 78 divide 1252?
False
Does 47 divide 987?
True
Does 3 divide 18?
True
Is 6 a factor of 1639?
False
Does 45 divide 1215?
True
Is 2588 a multiple of 11?
False
Is 287 a factor of 10332?
True
Does 14 divide 7476?
True
Does 112 divide 2158?
False
Does 44 divide 3326?
False
Does 39 divide 4563?
True
Is 17 a factor of 3927?
True
Does 27 divide 10760?
False
Is 61 a factor of 103305?
False
Is 77 a factor of 113072?
False
Is 3123 a multiple of 9?
True
Does 125 divide 4250?
True
Is 53 a factor of 76303?
False
Does 27 divide 3510?
True
Does 25 divide 776?
False
Is 65975 a multiple of 13?
True
Is 3 a factor of 218?
False
Is 1000 a multiple of 25?
True
Is 2870 a multiple of 5?
True
Does 4 divide 128?
True
Is 19 a factor of 190?
True
Is 972 a multiple of 12?
True
Is 174 a factor of 16353?
False
Is 57534 a multiple of 258?
True
Is 920 a multiple of 20?
True
Is 11 a factor of 990?
True
Is 13671 a multiple of 217?
True
Is 9 a factor of 63?
True
Is 352 a multiple of 130?
False
Does 20 divide 18912?
False
Is 239 a multiple of 17?
False
Is 170 a factor of 71060?
True
Is 1765 a multiple of 5?
True
Does 8 divide 69?
False
Does 20 divide 400?
True
Is 22857 a multiple of 215?
False
Is 16 a factor of 655?
False
Is 721 a multiple of 4?
False
Is 53 a factor of 1659?
False
Is 2177 a multiple of 23?
False
Is 2096 a multiple of 31?
False
Does 9 divide 30612?
False
Does 8 divide 632?
True
Is 252 a factor of 35532?
True
Does 131 divide 407?
False
Is 82 a factor of 29356?
True
Is 3680 a multiple of 5?
True
Is 200 a multiple of 20?
True
Does 5 divide 344?
False
Does 16 divide 1568?
True
Does 98 divide 25818?
False
Is 50 a multiple of 2?
True
Is 20 a factor of 27320?
True
Does 16 divide 704?
True
Is 316 a multiple of 7?
False
Is 15 a factor of 7530?
True
Does 10 divide 510?
True
Is 8 a factor of 696?
True
Is 1512 a multiple of 24?
True
Does 33 divide 45474?
True
Is 23393 a multiple of 31?
False
Does 51 divide 13362?
True
Does 23 divide 12829?
False
Does 14 divide 6591?
False
Is 9 a factor of 1719?
True
Is 15568 a multiple of 8?
True
Is 23 a factor of 1218?
False
Does 26 divide 546?
True
Is 2564 a multiple of 13?
False
Does 9 divide 162?
True
Is 2378 even?
True
Does 41 divide 4018?
True
Does 6 divide 18048?
True
Is 52416 a multiple of 91?
True
Is 16 a factor of 1786?
False
Is 166 a factor of 6194?
False
Is 2195 a multiple of 33?
False
Does 104 divide 2707?
False
Is 155 a multiple of 31?
True
Does 5 divide 308?
False
Is 14 a factor of 1274?
True
Does 218 divide 144118?
False
Is 459 a multiple of 17?
True
Is 34 a factor of 714?
True
Does 11 divide 825?
True
Does 37 divide 538?
False
Is 12250 a multiple of 62?
False
Does 8 divide 19505?
False
Is 10 a factor of 21050?
True
Is 26 a factor of 3250?
True
Is 20 a factor of 68002?
False
Is 420 a multiple of 5?
True
Is 5247 a multiple of 9?
True
Does 11 divide 583?
True
Does 58 divide 1777?
False
Is 234 a multiple of 117?
True
Does 6 divide 149?
False
Is 416 a multiple of 8?
True
Does 15 divide 2175?
True
Is 2977 even?
False
Is 208 a multiple of 8?
True
Does 4 divide 91?
False
Is 2437 a multiple of 94?
False
Is 63 a factor of 82026?
True
Does 18 divide 2447?
False
Is 16687 a multiple of 51?
False
Is 6 a factor of 78?
True
Is 56 a factor of 784?
True
Does 136 divide 41855?
False
Does 22 divide 800?
False
Is 25262 a multiple of 14?
False
Is 16 a factor of 522